{"id":637,"date":"2018-11-07T11:36:22","date_gmt":"2018-11-07T14:36:22","guid":{"rendered":"https:\/\/decorarcomfoto.com.br\/loja\/?post_type=product&#038;p=637"},"modified":"2025-05-26T10:48:03","modified_gmt":"2025-05-26T13:48:03","slug":"encantos-de-tinhare","status":"publish","type":"product","link":"https:\/\/decorarcomfoto.com.br\/loja\/produto\/encantos-de-tinhare\/","title":{"rendered":"Encantos de Tinhar\u00e9"},"content":{"rendered":"<p><strong>Autor:<\/strong> Rui Rezende.<\/p>\n<p><strong>Caracter\u00edsticas do livro:<\/strong> 144 p\u00e1ginas, 23cm x 30cm, papel couch\u00ea 170gr.<\/p>\n","protected":false},"excerpt":{"rendered":"<p>Encantos de Tinhar\u00e9 Autor: Rui Rezende Tamanho: 23 X 30 cm Quant. de p\u00e1ginas: 144 papel couch\u00ea 170gr<\/p>\n","protected":false},"featured_media":660,"template":"","meta":{"site-sidebar-layout":"default","site-content-layout":"default","ast-global-header-display":"","ast-main-header-display":"","ast-hfb-above-header-display":"","ast-hfb-below-header-display":"","ast-hfb-mobile-header-display":"","site-post-title":"","ast-breadcrumbs-content":"","ast-featured-img":"","footer-sml-layout":"","theme-transparent-header-meta":"default","adv-header-id-meta":"","stick-header-meta":"","header-above-stick-meta":"","header-main-stick-meta":"","header-below-stick-meta":""},"product_cat":[19],"product_tag":[],"_links":{"self":[{"href":"https:\/\/decorarcomfoto.com.br\/loja\/wp-json\/wp\/v2\/product\/637"}],"collection":[{"href":"https:\/\/decorarcomfoto.com.br\/loja\/wp-json\/wp\/v2\/product"}],"about":[{"href":"https:\/\/decorarcomfoto.com.br\/loja\/wp-json\/wp\/v2\/types\/product"}],"version-history":[{"count":1,"href":"https:\/\/decorarcomfoto.com.br\/loja\/wp-json\/wp\/v2\/product\/637\/revisions"}],"predecessor-version":[{"id":1575,"href":"https:\/\/decorarcomfoto.com.br\/loja\/wp-json\/wp\/v2\/product\/637\/revisions\/1575"}],"wp:featuredmedia":[{"embeddable":true,"href":"https:\/\/decorarcomfoto.com.br\/loja\/wp-json\/wp\/v2\/media\/660"}],"wp:attachment":[{"href":"https:\/\/decorarcomfoto.com.br\/loja\/wp-json\/wp\/v2\/media?parent=637"}],"wp:term":[{"taxonomy":"product_cat","embeddable":true,"href":"https:\/\/decorarcomfoto.com.br\/loja\/wp-json\/wp\/v2\/product_cat?post=637"},{"taxonomy":"product_tag","embeddable":true,"href":"https:\/\/decorarcomfoto.com.br\/loja\/wp-json\/wp\/v2\/product_tag?post=637"}],"curies":[{"name":"wp","href":"https:\/\/api.w.org\/{rel}","templated":true}]}}