{"id":1451,"date":"2022-12-06T23:05:00","date_gmt":"2022-12-07T02:05:00","guid":{"rendered":"https:\/\/decorarcomfoto.com.br\/loja\/?post_type=product&#038;p=1451"},"modified":"2025-07-29T15:23:23","modified_gmt":"2025-07-29T18:23:23","slug":"bahia-vista-por-um-passarinho","status":"publish","type":"product","link":"https:\/\/decorarcomfoto.com.br\/loja\/produto\/bahia-vista-por-um-passarinho\/","title":{"rendered":"Bahia Vista Por Um Passarinho (vendas sob consulta)"},"content":{"rendered":"<div class=\"playkit-video-info__ep-section\">\n<h3 aria-label=\"Livro e exposi\u00e7\u00e3o retratam cenas a\u00e9reas de regi\u00f5es da Bahia\">Reportagem Bahia Rural:<\/h3>\n<h3 class=\"playkit-video-info__ep-title\" aria-label=\"Livro e exposi\u00e7\u00e3o retratam cenas a\u00e9reas de regi\u00f5es da Bahia\">Livro e exposi\u00e7\u00e3o retratam cenas a\u00e9reas de regi\u00f5es da Bahia<\/h3>\n<\/div>\n<section class=\"playkit-video-info__details\">\n<h3 aria-label=\"Livro e exposi\u00e7\u00e3o retratam cenas a\u00e9reas de regi\u00f5es da Bahia\"><span style=\"font-size: 16px;\">Exibida em 13-nov-2022 (dura\u00e7\u00e3o <\/span><span class=\"playkit-video-info__duration\" style=\"font-size: 16px;\">7 min)<\/span><\/h3>\n<p><img decoding=\"async\" class=\"alignnone size-medium wp-image-1460\" src=\"https:\/\/decorarcomfoto.com.br\/loja\/wp-content\/uploads\/2022\/12\/2022-12-14_22-02-300x169.png\" alt=\"\" width=\"300\" height=\"169\" srcset=\"https:\/\/decorarcomfoto.com.br\/loja\/wp-content\/uploads\/2022\/12\/2022-12-14_22-02-300x169.png 300w, https:\/\/decorarcomfoto.com.br\/loja\/wp-content\/uploads\/2022\/12\/2022-12-14_22-02-768x432.png 768w, https:\/\/decorarcomfoto.com.br\/loja\/wp-content\/uploads\/2022\/12\/2022-12-14_22-02-600x338.png 600w, https:\/\/decorarcomfoto.com.br\/loja\/wp-content\/uploads\/2022\/12\/2022-12-14_22-02.png 835w\" sizes=\"(max-width: 300px) 100vw, 300px\" \/><\/p>\n<\/section>\n<p>Clique aqui para assistir: https:\/\/globoplay.globo.com\/v\/11119392\/<\/p>\n","protected":false},"excerpt":{"rendered":"<p>Bahia Vista Por Um Passarinho. Autor: Rui Rezende. Tamanho: 30 X 30 cm. Quant. de p\u00e1ginas: 324. Quant. de fotos: 336<\/p>\n","protected":false},"featured_media":1452,"template":"","meta":{"site-sidebar-layout":"default","site-content-layout":"default","ast-global-header-display":"","ast-main-header-display":"","ast-hfb-above-header-display":"","ast-hfb-below-header-display":"","ast-hfb-mobile-header-display":"","site-post-title":"","ast-breadcrumbs-content":"","ast-featured-img":"","footer-sml-layout":"","theme-transparent-header-meta":"default","adv-header-id-meta":"","stick-header-meta":"","header-above-stick-meta":"","header-main-stick-meta":"","header-below-stick-meta":""},"product_cat":[19],"product_tag":[],"_links":{"self":[{"href":"https:\/\/decorarcomfoto.com.br\/loja\/wp-json\/wp\/v2\/product\/1451"}],"collection":[{"href":"https:\/\/decorarcomfoto.com.br\/loja\/wp-json\/wp\/v2\/product"}],"about":[{"href":"https:\/\/decorarcomfoto.com.br\/loja\/wp-json\/wp\/v2\/types\/product"}],"version-history":[{"count":8,"href":"https:\/\/decorarcomfoto.com.br\/loja\/wp-json\/wp\/v2\/product\/1451\/revisions"}],"predecessor-version":[{"id":1638,"href":"https:\/\/decorarcomfoto.com.br\/loja\/wp-json\/wp\/v2\/product\/1451\/revisions\/1638"}],"wp:featuredmedia":[{"embeddable":true,"href":"https:\/\/decorarcomfoto.com.br\/loja\/wp-json\/wp\/v2\/media\/1452"}],"wp:attachment":[{"href":"https:\/\/decorarcomfoto.com.br\/loja\/wp-json\/wp\/v2\/media?parent=1451"}],"wp:term":[{"taxonomy":"product_cat","embeddable":true,"href":"https:\/\/decorarcomfoto.com.br\/loja\/wp-json\/wp\/v2\/product_cat?post=1451"},{"taxonomy":"product_tag","embeddable":true,"href":"https:\/\/decorarcomfoto.com.br\/loja\/wp-json\/wp\/v2\/product_tag?post=1451"}],"curies":[{"name":"wp","href":"https:\/\/api.w.org\/{rel}","templated":true}]}}